 4*c**3 - 382*c**2 - 777*c - 6. What is v(-2)?
-12
Let b(k) = k**3 + 11*k**2 + 36*k - 2. Determine b(-5).
-32
Let o(p) = -p**3 + 75*p**2 + 159*p - 387. What is o(77)?
-2
Let t(u) = u**3 - 89*u**2 + 1178*u - 166. Give t(16).
-6
Let y(m) = m**3 + 10*m**2 - 101*m - 96. Give y(-16).
-16
Let n(v) = -2*v**3 - 12*v**2 + 3. What is n(-6)?
3
Let q(x) = -4*x**2 - 6*x + 234. What is q(-11)?
-184
Let j(g) = 2*g**2 - 48*g + 351. Give j(12).
63
Let a(m) = -3*m**2 + 40*m + 408. Determine a(-9).
-195
Let g(i) = -i**3 + 174*i**2 + 206*i - 5416. Give g(175).
9
Let c(r) = -r**3 + r**2 + 33*r - 30. Calculate c(6).
-12
Let i(c) = -c**3 + 36*c**2 - 280*c + 127. Give i(25).
2
Let z(i) = 5175*i + 51754. Calculate z(-10).
4
Let o(u) = -3*u**2 + 2*u - 56. What is o(5)?
-121
Let q(s) = s**3 - 41*s**2 + 79*s + 38. Calculate q(39).
77
Let x(z) = -66*z + 132. What is x(3)?
-66
Let r(o) = -o**3 - 8*o**2 - 10*o - 25. Determine r(-8).
55
Let c(i) = 8*i**2 + 6*i - 20. Determine c(2).
24
Let h(i) = -8*i**2 - 72*i + 7. What is h(-7)?
119
Let v(w) = -w**3 + 15*w**2 - 68*w + 16. Determine v(6).
-68
Let d(p) = 8*p**3 + 20*p**2 - 5*p - 60. Determine d(-4).
-232
Let m(l) = 13*l - 198. Calculate m(18).
36
Let b(u) = u**3 + 16*u**2 + 13*u + 33. Give b(-15).
63
Let i(n) = -n**3 + 52*n**2 - 105*n - 8. What is i(2)?
-18
Let c(d) = 4*d**2 - 47*d - 147. Give c(-3).
30
Let i(b) = 2*b**3 - 12*b**2 - 8*b - 13. Give i(7).
29
Let l(r) = -9992*r + 59944. Determine l(6).
-8
Let c(h) = h**2 + 90*h + 177. Give c(-88).
1
Let o(i) = -i**3 + 13*i**2 + 44*i + 9. What is o(13)?
581
Let u(b) = -9*b**2 + 7*b - 167. Give u(5).
-357
Let u(i) = 24*i**2 - 19*i + 27. Determine u(2).
85
Let b(m) = 2431*m + 4862. Determine b(-2).
0
Let d(k) = -96*k - 424. Determine d(-5).
56
Let d(c) = c**2 + 65*c + 5. Determine d(-58).
-401
Let r(i) = -9*i**2 - 21*i - 45. Calculate r(-6).
-243
Let h(j) = 95*j - 2653. Determine h(28).
7
Let y(d) = 17100*d - 153887. What is y(9)?
13
Let i(p) = 149*p - 2034. Calculate i(16).
350
Let x(b) = 106*b - 2991. Calculate x(29).
83
Let w(m) = -569*m - 1114. Determine w(-2).
24
Let y(m) = -43*m - 312. Determine y(-7).
-11
Let v(y) = -y**3 - 18*y**2 + 57*y + 65. Determine v(-21).
191
Let c(s) = -186*s - 981. Determine c(-4).
-237
Let d(k) = 9*k + 136. Give d(-8).
64
Let a(s) = -4903*s + 12. Give a(0).
12
Let o(l) = 194*l - 145. Calculate o(1).
49
Let n(g) = -3*g - 42. What is n(12)?
-78
Let a(i) = 3*i**3 + 285*i + 31. What is a(0)?
31
Let s(w) = w**3 - 78*w**2 + 1503*w + 68. Determine s(35).
-2
Let z(f) = f**2 - 410*f + 25900. Calculate z(78).
4
Let t(r) = -7825*r + 39148. Determine t(5).
23
Let j(d) = -d**3 + 34*d**2 + 1152*d + 163. What is j(55)?
-2
Let d(o) = 16*o + 296. Calculate d(-21).
-40
Let x(c) = -c**2 + 78*c + 144. Determine x(69).
765
Let z(g) = -g**3 - 52*g**2 - 653*g - 9. What is z(-21)?
33
Let a(z) = -12*z + 284. Determine a(25).
-16
Let n(m) = -m**3 - 2*m**2 + 53*m + 194. What is n(-5)?
4
Let x(d) = -10*d + 80. Determine x(-38).
460
Let n(g) = 49*g**3 - 2*g**2 + 8*g - 8. What is n(1)?
47
Let i(u) = -485*u - 14530. Give i(-30).
20
Let s(z) = 3*z**2 - 3*z - 8. What is s(-7)?
160
Let g(y) = 360*y - 3094. Give g(7).
-574
Let i(j) = -11*j**3 - 2*j**2 + 3*j + 13. Determine i(4).
-711
Let f(t) = -t**2 + 10*t - 14. What is f(11)?
-25
Let n(z) = z**2 - 30*z + 187. Determine n(11).
-22
Let f(a) = 17*a + 43. Calculate f(-7).
-76
Let t(m) = -m**2 + 15*m + 69. Determine t(19).
-7
Let m(v) = -8*v**2 - 70*v - 126. Calculate m(-4).
26
Let o(j) = -7*j - 45. Determine o(-17).
74
Let o(m) = 4*m**2 + 274*m + 393. Give o(-67).
-9
Let n(b) = -178*b - 5738. What is n(-33)?
136
Let g(c) = -25*c**3 + 10*c**2 + 12*c + 13. Calculate g(-1).
36
Let j(p) = -p**3 - 17*p**2 + 13*p - 46. Determine j(-18).
44
Let f(t) = 2485*t - 9945. Determine f(4).
-5
Let x(k) = k**2 + 44*k - 739. Give x(-59).
146
Let f(w) = 17*w**2 - 168*w + 35. What is f(8)?
-221
Let p(s) = 2*s**2 + 49*s + 157. Give p(-19).
-52
Let c(q) = -q**2 - 84*q + 656. Give c(7).
19
Let r(h) = -h**3 + 12*h**2 - 22*h - 96. What is r(8)?
-16
Let r(v) = 43*v - 281. Give r(6).
-23
Let h(s) = 228*s**2 + 1835*s + 95. Determine h(-8).
7
Let w(q) = -10*q + 128. Calculate w(12).
8
Let h(v) = 22*v**3 + 2*v**2 - v - 6. Calculate h(-2).
-172
Let t(p) = -p**2 + 57*p + 370. What is t(-6)?
-8
Let p(z) = 238*z + 2078. Calculate p(-9).
-64
Let x(t) = t**3 - 6*t**2 + 4*t - 26. Calculate x(7).
51
Let i(m) = -1297*m + 12973. Give i(10).
3
Let s(j) = -3*j**2 + 271*j + 2272. What is s(98)?
18
Let h(u) = 7*u**3 - 7*u**2 + 97*u - 198. Determine h(2).
24
Let z(r) = r**2 + 49*r + 417. What is z(-40)?
57
Let s(w) = 7*w + 42. Determine s(-12).
-42
Let t(a) = a**2 - 20*a + 72. Give t(5).
-3
Let t(b) = -3*b**2 - 143*b - 960. What is t(-8)?
-8
Let z(d) = 3*d**3 - d**2 - 17*d - 30. Calculate z(-3).
-69
Let g(w) = 2*w**3 - 44*w**2 - 409*w - 2. Calculate g(29).
-89
Let m(t) = 2*t**2 - 87*t - 76872. What is m(219)?
-3
Let z(h) = -2*h**2 - 193*h + 10858. Determine z(40).
-62
Let v(k) = 401*k + 2001. Calculate v(-5).
-4
Let a(o) = 51*o**2 - 201*o - 18. Give a(4).
-6
Let v(x) = -2*x**2 + 248*x - 1872. Give v(8).
-16
Let q(n) = -195*n - 6830. Determine q(-35).
-5
Let m(g) = -g**3 - 23*g**2 - 42*g + 12. Calculate m(-21).
12
Let n(r) = 3*r**3 - 7*r**2 + 2*r - 31. Calculate n(5).
179
Let j(r) = -9*r**2 + 94*r + 107. Determine j(-1).
4
Let u(x) = -x**3 - 7*x**2 + 14*x + 68. Determine u(-6).
-52
Let k(m) = m**3 + 16*m**2 - 30*m + 71. What is k(-18)?
-37
Let f(i) = -8*i**3 + 12*i - 5. Calculate f(2).
-45
Let n(v) = v**3 - 8*v**2 - 34*v - 16. Calculate n(11).
-27
Let s(b) = 35*b - 2244. What is s(65)?
31
Let g(j) = -j**2 - 181*j - 6145. What is g(-135)?
65
Let b(r) = r**3 + 15*r**2 - 192. What is b(-14)?
4
Let c(q) = q**2 + 35*q + 314. Calculate c(-23).
38
Let u(y) = -179*y - 719. Give u(-4).
-3
Let q(f) = 3*f**2 - 96*f + 348. Give q(28).
12
Let p(u) = -u**3 + 24*u**2 + 46*u + 84. Calculate p(26).
-72
Let s(q) = 5*q**2 + 87*q + 123. Give s(-16).
11
Let c(u) = -u**3 - 16*u**2 + 7*u - 168. Give c(-17).
2
Let u(z) = -166*z + 9133. Give u(55).
3
Let w(r) = r**3 - 7*r**2 + 23*r - 1. Determine w(5).
64
Let y(d) = d**3 - 39*d**2 + 55*d + 669. Determine y(37).
-34
Let j(k) = -8*k - 358. Determine j(-21).
-190
Let l(q) = -97*q - 1947. Calculate l(-27).
672
Let c(n) = 252*n + 1146. Calculate c(-5).
-114
Let g(o) = -239*o**3 - 3*o**2 - 3*o + 4. Give g(1).
-241
Let z(v) = 5109*v + 194146. Give z(-38).
4
Let z(d) = -3*d**2 + 118*d + 69. Calculate z(40).
-11
Let w(u) = 19*u**2 + 64*u - 129. Calculate w(2).
75
Let g(q) = -42*q**2 - 829*q + 227. What is g(-20)?
7
Let r(u) = 153*u + 16218. Determine r(-106).
0
Let s(b) = -7*b - 295. What is s(-36)?
-43
Let q(h) = h**3 + 9*h**2 - 13*h - 25. What is q(-10)?
5
Let c(i) = -i**2 + 29*i + 2244. Give c(-35).
4
Let u(t) = 2*t**3 - 26*t**2 + 43*t - 1. Determine u(11).
-12
Let q(g) = -94*g + 11935. What is q(127)?
-3
Let h(t) = 11*t**2 + 760*t + 92. Calculate h(-69).
23
Let p(c) = -c**2 + 91*c - 591. What is p(7)?
-3
Let z(m) = -27*m + 643. Calculate z(24).
-5
Let a(l) = -9*l - 156. What is a(-27)?
87
Let n(t) = 7*t**3 - 518*t**2 - t - 141. What is n(74)?
-215
Let y(x) = x**2 - 1928*x + 41938. What is y(22)?
6
Let z(c) = -1864*c + 59649. Give z(32).
1
Let c(m) = 38*m**2 - 1597*m + 41. Determine c(42).
-1
Let m(d) = 390*d - 113878. Determine m(292).
2
Let w(j) = j**3 - 16*j + 10. What is w(4)?
10
Let c(j) = -2*j**3 - 96*j**2 - 814*j - 7. What is c(-11)?
-7
Let g(r) = -2*r**3 - 55*r**2 - 343*r + 73. Determine g(-10).
3
Let j(d) = -75*d + 1359. What is j(20)?
-141
Let c(o) = -o**2 + 37*o + 2649. What is c(71)?
235
Let x(d) = 1162*d - 11852. Give x(10).
-232
Let s(z) = -106*z + 5027. Calculate s(48).
-61
Let q(x) = 524*x - 47689. Calculate q(91).
-5
Let p(w) = 40*w + 1320. Determine p(-31).
80
Let l(u) = -u**3 - 178*u**2 + 5537*u - 30. Calculate l(27).
24
Let x(w) = w**2 - 272*w - 1957. Determine x(-7).
-4
Let l(h) = 14*h - 449. What is l(19)?
-183
Let c(x) = 2*x**3 + 26*x**2 - 24*x - 32. Give c(-12).
544
Let d(h) = -14*h - 227. Calculate d(-12).
-59
Let a(z) = -67*z**2 + 28*z - 2. Give a(1).
-41
Let c(t) = t**3 - 30*t**2 + 53*t - 2. Give c(28).
-86
Let q(d) = -17*d**2 - 297*d - 143. Determine q(-17).
-7
Let o(h) = -12*h**3 + 12*h**2 - 8*h - 2. Determine o(2).
-66
Let m(